{"id":10,"date":"2019-11-22T15:07:50","date_gmt":"2019-11-22T14:07:50","guid":{"rendered":"http:\/\/usmc.at\/wordpress\/?page_id=10"},"modified":"2022-10-25T09:03:34","modified_gmt":"2022-10-25T07:03:34","slug":"startseite","status":"publish","type":"page","link":"https:\/\/usmc.at\/wordpress\/startseite\/","title":{"rendered":"Startseite"},"content":{"rendered":"\t\t<div data-elementor-type=\"wp-page\" data-elementor-id=\"10\" class=\"elementor elementor-10\">\n\t\t\t\t\t\t<section class=\"elementor-section elementor-top-section elementor-element elementor-element-492053cb elementor-section-boxed elementor-section-height-default elementor-section-height-default\" data-id=\"492053cb\" data-element_type=\"section\" data-e-type=\"section\">\n\t\t\t\t\t\t<div class=\"elementor-container elementor-column-gap-default\">\n\t\t\t\t\t<div class=\"elementor-column elementor-col-100 elementor-top-column elementor-element elementor-element-66e24471\" data-id=\"66e24471\" data-element_type=\"column\" data-e-type=\"column\">\n\t\t\t<div class=\"elementor-widget-wrap\">\n\t\t\t\t\t\t\t<\/div>\n\t\t<\/div>\n\t\t\t\t\t<\/div>\n\t\t<\/section>\n\t\t\t\t<section class=\"elementor-section elementor-top-section elementor-element elementor-element-aabc34a elementor-section-boxed elementor-section-height-default elementor-section-height-default\" data-id=\"aabc34a\" data-element_type=\"section\" data-e-type=\"section\">\n\t\t\t\t\t\t<div class=\"elementor-container elementor-column-gap-default\">\n\t\t\t\t\t<div class=\"elementor-column elementor-col-100 elementor-top-column elementor-element elementor-element-011a5bb\" data-id=\"011a5bb\" data-element_type=\"column\" data-e-type=\"column\">\n\t\t\t<div class=\"elementor-widget-wrap elementor-element-populated\">\n\t\t\t\t\t\t<div class=\"elementor-element elementor-element-e98b88a elementor-widget elementor-widget-image\" data-id=\"e98b88a\" data-element_type=\"widget\" data-e-type=\"widget\" data-settings=\"{&quot;_animation&quot;:&quot;none&quot;}\" data-widget_type=\"image.default\">\n\t\t\t\t<div class=\"elementor-widget-container\">\n\t\t\t\t\t\t\t\t\t\t\t\t<figure class=\"wp-caption\">\n\t\t\t\t\t\t\t\t\t\t<img fetchpriority=\"high\" decoding=\"async\" width=\"768\" height=\"1024\" src=\"https:\/\/usmc.at\/wordpress\/wp-content\/uploads\/2022\/10\/20220327_094206-768x1024.jpg\" class=\"attachment-medium_large size-medium_large wp-image-282\" alt=\"20220327 094206 768x1024 - Startseite\" srcset=\"https:\/\/usmc.at\/wordpress\/wp-content\/uploads\/2022\/10\/20220327_094206-768x1024.jpg 768w, https:\/\/usmc.at\/wordpress\/wp-content\/uploads\/2022\/10\/20220327_094206-225x300.jpg 225w, https:\/\/usmc.at\/wordpress\/wp-content\/uploads\/2022\/10\/20220327_094206-1152x1536.jpg 1152w, https:\/\/usmc.at\/wordpress\/wp-content\/uploads\/2022\/10\/20220327_094206-1536x2048.jpg 1536w, https:\/\/usmc.at\/wordpress\/wp-content\/uploads\/2022\/10\/20220327_094206-158x210.jpg 158w, https:\/\/usmc.at\/wordpress\/wp-content\/uploads\/2022\/10\/20220327_094206-1960x2613.jpg 1960w, https:\/\/usmc.at\/wordpress\/wp-content\/uploads\/2022\/10\/20220327_094206-scaled.jpg 1920w\" sizes=\"(max-width: 768px) 100vw, 768px\" title=\"Startseite\" \/>\t\t\t\t\t\t\t\t\t\t\t<figcaption class=\"widget-image-caption wp-caption-text\"><\/figcaption>\n\t\t\t\t\t\t\t\t\t\t<\/figure>\n\t\t\t\t\t\t\t\t\t<\/div>\n\t\t\t\t<\/div>\n\t\t\t\t\t<\/div>\n\t\t<\/div>\n\t\t\t\t\t<\/div>\n\t\t<\/section>\n\t\t\t\t<section class=\"elementor-section elementor-top-section elementor-element elementor-element-5eca824 elementor-section-boxed elementor-section-height-default elementor-section-height-default\" data-id=\"5eca824\" data-element_type=\"section\" data-e-type=\"section\">\n\t\t\t\t\t\t<div class=\"elementor-container elementor-column-gap-default\">\n\t\t\t\t\t<div class=\"elementor-column elementor-col-100 elementor-top-column elementor-element elementor-element-a821156\" data-id=\"a821156\" data-element_type=\"column\" data-e-type=\"column\">\n\t\t\t<div class=\"elementor-widget-wrap elementor-element-populated\">\n\t\t\t\t\t\t<div class=\"elementor-element elementor-element-ddf8202 elementor-widget elementor-widget-text-editor\" data-id=\"ddf8202\" data-element_type=\"widget\" data-e-type=\"widget\" data-widget_type=\"text-editor.default\">\n\t\t\t\t<div class=\"elementor-widget-container\">\n\t\t\t\t\t\t\t\t\t<p style=\"text-align: center;\"><em><strong><span style=\"color: #ffff00;\">Alle auf dieser Homepage gezeigten &#8222;Waffen&#8220; sind ausschlie\u00dflich Airsoft-Markierer, die 1:1 Repliken von echten Waffen darstellen, aber aus Kunststoff und Metallteilen bestehen und lediglich 6 mm gro\u00dfe Bio-BBs, aber keinesfalls scharfe Muniton, verschie\u00dfen k\u00f6nnen.<\/span><\/strong><\/em><\/p>\t\t\t\t\t\t\t\t<\/div>\n\t\t\t\t<\/div>\n\t\t\t\t\t<\/div>\n\t\t<\/div>\n\t\t\t\t\t<\/div>\n\t\t<\/section>\n\t\t\t\t<section class=\"elementor-section elementor-top-section elementor-element elementor-element-1a6a76d elementor-section-boxed elementor-section-height-default elementor-section-height-default\" data-id=\"1a6a76d\" data-element_type=\"section\" data-e-type=\"section\">\n\t\t\t\t\t\t<div class=\"elementor-container elementor-column-gap-default\">\n\t\t\t\t\t<div class=\"elementor-column elementor-col-100 elementor-top-column elementor-element elementor-element-fe5df5b\" data-id=\"fe5df5b\" data-element_type=\"column\" data-e-type=\"column\">\n\t\t\t<div class=\"elementor-widget-wrap elementor-element-populated\">\n\t\t\t\t\t\t<div class=\"elementor-element elementor-element-9b08f1f elementor-arrows-position-inside elementor-pagination-position-outside elementor-widget elementor-widget-image-carousel\" data-id=\"9b08f1f\" data-element_type=\"widget\" data-e-type=\"widget\" data-settings=\"{&quot;navigation&quot;:&quot;both&quot;,&quot;autoplay&quot;:&quot;yes&quot;,&quot;pause_on_hover&quot;:&quot;yes&quot;,&quot;pause_on_interaction&quot;:&quot;yes&quot;,&quot;autoplay_speed&quot;:5000,&quot;infinite&quot;:&quot;yes&quot;,&quot;speed&quot;:500}\" data-widget_type=\"image-carousel.default\">\n\t\t\t\t<div class=\"elementor-widget-container\">\n\t\t\t\t\t\t\t<div class=\"elementor-image-carousel-wrapper swiper\" role=\"region\" aria-roledescription=\"carousel\" aria-label=\"Bild Karussell\" dir=\"ltr\">\n\t\t\t<div class=\"elementor-image-carousel swiper-wrapper\" aria-live=\"off\">\n\t\t\t\t\t\t\t\t<div class=\"swiper-slide\" role=\"group\" aria-roledescription=\"slide\" aria-label=\"1 von 11\"><figure class=\"swiper-slide-inner\"><img decoding=\"async\" class=\"swiper-slide-image\" src=\"https:\/\/usmc.at\/wordpress\/wp-content\/uploads\/2022\/10\/20220327_094206-150x150.jpg\" alt=\"20220327_094206\" \/><\/figure><\/div><div class=\"swiper-slide\" role=\"group\" aria-roledescription=\"slide\" aria-label=\"2 von 11\"><figure class=\"swiper-slide-inner\"><img decoding=\"async\" class=\"swiper-slide-image\" src=\"https:\/\/usmc.at\/wordpress\/wp-content\/uploads\/2022\/10\/20220327_104639-150x150.jpg\" alt=\"20220327_104639\" \/><\/figure><\/div><div class=\"swiper-slide\" role=\"group\" aria-roledescription=\"slide\" aria-label=\"3 von 11\"><figure class=\"swiper-slide-inner\"><img decoding=\"async\" class=\"swiper-slide-image\" src=\"https:\/\/usmc.at\/wordpress\/wp-content\/uploads\/2022\/10\/20220327_110428-150x150.jpg\" alt=\"20220327_110428\" \/><\/figure><\/div><div class=\"swiper-slide\" role=\"group\" aria-roledescription=\"slide\" aria-label=\"4 von 11\"><figure class=\"swiper-slide-inner\"><img decoding=\"async\" class=\"swiper-slide-image\" src=\"https:\/\/usmc.at\/wordpress\/wp-content\/uploads\/2022\/10\/20220723_102311-150x150.jpg\" alt=\"20220723_102311\" \/><\/figure><\/div><div class=\"swiper-slide\" role=\"group\" aria-roledescription=\"slide\" aria-label=\"5 von 11\"><figure class=\"swiper-slide-inner\"><img decoding=\"async\" class=\"swiper-slide-image\" src=\"https:\/\/usmc.at\/wordpress\/wp-content\/uploads\/2022\/10\/20220723_110703-150x150.jpg\" alt=\"20220723_110703\" \/><\/figure><\/div><div class=\"swiper-slide\" role=\"group\" aria-roledescription=\"slide\" aria-label=\"6 von 11\"><figure class=\"swiper-slide-inner\"><img decoding=\"async\" class=\"swiper-slide-image\" src=\"https:\/\/usmc.at\/wordpress\/wp-content\/uploads\/2022\/10\/20220827_095152-150x150.jpg\" alt=\"20220827_095152\" \/><\/figure><\/div><div class=\"swiper-slide\" role=\"group\" aria-roledescription=\"slide\" aria-label=\"7 von 11\"><figure class=\"swiper-slide-inner\"><img decoding=\"async\" class=\"swiper-slide-image\" src=\"https:\/\/usmc.at\/wordpress\/wp-content\/uploads\/2022\/10\/20211017_122145-150x150.jpg\" alt=\"20211017_122145\" \/><\/figure><\/div><div class=\"swiper-slide\" role=\"group\" aria-roledescription=\"slide\" aria-label=\"8 von 11\"><figure class=\"swiper-slide-inner\"><img decoding=\"async\" class=\"swiper-slide-image\" src=\"https:\/\/usmc.at\/wordpress\/wp-content\/uploads\/2021\/11\/20210822_112336-150x150.jpg\" alt=\"20210822_112336\" \/><\/figure><\/div><div class=\"swiper-slide\" role=\"group\" aria-roledescription=\"slide\" aria-label=\"9 von 11\"><figure class=\"swiper-slide-inner\"><img decoding=\"async\" class=\"swiper-slide-image\" src=\"https:\/\/usmc.at\/wordpress\/wp-content\/uploads\/2021\/11\/20211017_122145-150x150.jpg\" alt=\"20211017_122145\" \/><\/figure><\/div><div class=\"swiper-slide\" role=\"group\" aria-roledescription=\"slide\" aria-label=\"10 von 11\"><figure class=\"swiper-slide-inner\"><img decoding=\"async\" class=\"swiper-slide-image\" src=\"https:\/\/usmc.at\/wordpress\/wp-content\/uploads\/2019\/11\/FB_IMG_1533636875898-150x150.jpg\" alt=\"FB_IMG_1533636875898\" \/><\/figure><\/div><div class=\"swiper-slide\" role=\"group\" aria-roledescription=\"slide\" aria-label=\"11 von 11\"><figure class=\"swiper-slide-inner\"><img decoding=\"async\" class=\"swiper-slide-image\" src=\"https:\/\/usmc.at\/wordpress\/wp-content\/uploads\/2020\/01\/FB_IMG_1572556357428-150x150.jpg\" alt=\"FB_IMG_1572556357428\" \/><\/figure><\/div>\t\t\t<\/div>\n\t\t\t\t\t\t\t\t\t\t\t\t<div class=\"elementor-swiper-button elementor-swiper-button-prev\" role=\"button\" tabindex=\"0\">\n\t\t\t\t\t\t<i aria-hidden=\"true\" class=\"eicon-chevron-left\"><\/i>\t\t\t\t\t<\/div>\n\t\t\t\t\t<div class=\"elementor-swiper-button elementor-swiper-button-next\" role=\"button\" tabindex=\"0\">\n\t\t\t\t\t\t<i aria-hidden=\"true\" class=\"eicon-chevron-right\"><\/i>\t\t\t\t\t<\/div>\n\t\t\t\t\n\t\t\t\t\t\t\t\t\t<div class=\"swiper-pagination\"><\/div>\n\t\t\t\t\t\t\t\t\t<\/div>\n\t\t\t\t\t\t<\/div>\n\t\t\t\t<\/div>\n\t\t\t\t\t<\/div>\n\t\t<\/div>\n\t\t\t\t\t<\/div>\n\t\t<\/section>\n\t\t\t\t<\/div>\n\t\t","protected":false},"excerpt":{"rendered":"<p>Alle auf dieser Homepage gezeigten &#8222;Waffen&#8220; sind ausschlie\u00dflich Airsoft-Markierer, die 1:1 Repliken von echten Waffen darstellen, aber aus Kunststoff und Metallteilen bestehen und lediglich 6 mm gro\u00dfe Bio-BBs, aber keinesfalls scharfe Muniton, verschie\u00dfen k\u00f6nnen. Zur\u00fcck Weiter<\/p>\n","protected":false},"author":2,"featured_media":0,"parent":0,"menu_order":0,"comment_status":"closed","ping_status":"closed","template":"","meta":{"footnotes":""},"class_list":["post-10","page","type-page","status-publish","hentry"],"_links":{"self":[{"href":"https:\/\/usmc.at\/wordpress\/wp-json\/wp\/v2\/pages\/10","targetHints":{"allow":["GET"]}}],"collection":[{"href":"https:\/\/usmc.at\/wordpress\/wp-json\/wp\/v2\/pages"}],"about":[{"href":"https:\/\/usmc.at\/wordpress\/wp-json\/wp\/v2\/types\/page"}],"author":[{"embeddable":true,"href":"https:\/\/usmc.at\/wordpress\/wp-json\/wp\/v2\/users\/2"}],"replies":[{"embeddable":true,"href":"https:\/\/usmc.at\/wordpress\/wp-json\/wp\/v2\/comments?post=10"}],"version-history":[{"count":22,"href":"https:\/\/usmc.at\/wordpress\/wp-json\/wp\/v2\/pages\/10\/revisions"}],"predecessor-version":[{"id":305,"href":"https:\/\/usmc.at\/wordpress\/wp-json\/wp\/v2\/pages\/10\/revisions\/305"}],"wp:attachment":[{"href":"https:\/\/usmc.at\/wordpress\/wp-json\/wp\/v2\/media?parent=10"}],"curies":[{"name":"wp","href":"https:\/\/api.w.org\/{rel}","templated":true}]}}